 digit of 19656?
1
What is the units digit of 1665?
5
What is the hundreds digit of 13930?
9
What is the hundreds digit of 48380?
3
What is the tens digit of 1213?
1
What is the units digit of 1946?
6
What is the thousands digit of 8968?
8
What is the units digit of 3780?
0
What is the ten thousands digit of 26688?
2
What is the hundreds digit of 118764?
7
What is the tens digit of 3047?
4
What is the tens digit of 1619?
1
What is the thousands digit of 1650?
1
What is the thousands digit of 4213?
4
What is the thousands digit of 44793?
4
What is the tens digit of 24308?
0
What is the tens digit of 2110?
1
What is the tens digit of 685?
8
What is the tens digit of 6627?
2
What is the tens digit of 147?
4
What is the tens digit of 64632?
3
What is the tens digit of 1341?
4
What is the tens digit of 1688?
8
What is the thousands digit of 3132?
3
What is the units digit of 32491?
1
What is the hundreds digit of 6232?
2
What is the thousands digit of 17147?
7
What is the thousands digit of 52311?
2
What is the thousands digit of 74446?
4
What is the hundreds digit of 1930?
9
What is the units digit of 72856?
6
What is the hundreds digit of 909?
9
What is the hundreds digit of 58567?
5
What is the tens digit of 598?
9
What is the thousands digit of 25107?
5
What is the tens digit of 17059?
5
What is the units digit of 1589?
9
What is the units digit of 2121?
1
What is the units digit of 87869?
9
What is the thousands digit of 121768?
1
What is the thousands digit of 102128?
2
What is the units digit of 1566?
6
What is the ten thousands digit of 27989?
2
What is the thousands digit of 192554?
2
What is the units digit of 846?
6
What is the hundreds digit of 974?
9
What is the tens digit of 1129?
2
What is the ten thousands digit of 10438?
1
What is the tens digit of 58219?
1
What is the units digit of 2629?
9
What is the tens digit of 67744?
4
What is the hundreds digit of 3097?
0
What is the tens digit of 174?
7
What is the units digit of 8015?
5
What is the tens digit of 10986?
8
What is the thousands digit of 10545?
0
What is the units digit of 12230?
0
What is the hundreds digit of 71722?
7
What is the ten thousands digit of 14536?
1
What is the hundreds digit of 5630?
6
What is the ten thousands digit of 40221?
4
What is the hundreds digit of 5264?
2
What is the ten thousands digit of 16577?
1
What is the tens digit of 3991?
9
What is the thousands digit of 2708?
2
What is the tens digit of 6778?
7
What is the units digit of 254?
4
What is the hundreds digit of 15590?
5
What is the tens digit of 975?
7
What is the thousands digit of 26035?
6
What is the tens digit of 1535?
3
What is the units digit of 1120?
0
What is the hundreds digit of 1564?
5
What is the ten thousands digit of 18117?
1
What is the thousands digit of 17611?
7
What is the tens digit of 1057?
5
What is the tens digit of 4775?
7
What is the hundreds digit of 6205?
2
What is the thousands digit of 4892?
4
What is the tens digit of 8853?
5
What is the ten thousands digit of 46681?
4
What is the ten thousands digit of 11296?
1
What is the ten thousands digit of 32764?
3
What is the tens digit of 1094?
9
What is the hundreds digit of 1186?
1
What is the ten thousands digit of 17803?
1
What is the units digit of 3998?
8
What is the thousands digit of 23577?
3
What is the thousands digit of 32090?
2
What is the thousands digit of 4218?
4
What is the tens digit of 67648?
4
What is the tens digit of 11797?
9
What is the tens digit of 812?
1
What is the units digit of 720?
0
What is the thousands digit of 4955?
4
What is the units digit of 11467?
7
What is the units digit of 65?
5
What is the tens digit of 3757?
5
What is the thousands digit of 131311?
1
What is the units digit of 538?
8
What is the hundreds digit of 17511?
5
What is the tens digit of 292?
9
What is the hundreds digit of 12358?
3
What is the units digit of 86680?
0
What is the tens digit of 915?
1
What is the hundreds digit of 75014?
0
What is the hundreds digit of 28967?
9
What is the units digit of 87131?
1
What is the tens digit of 16545?
4
What is the tens digit of 44509?
0
What is the units digit of 5393?
3
What is the ten thousands digit of 22242?
2
What is the units digit of 94774?
4
What is the hundreds digit of 163?
1
What is the tens digit of 123030?
3
What is the units digit of 38562?
2
What is the thousands digit of 1851?
1
What is the hundred thousands digit of 124189?
1
What is the hundreds digit of 4443?
4
What is the hundreds digit of 7460?
4
What is the tens digit of 1627?
2
What is the tens digit of 808?
0
What is the hundreds digit of 5068?
0
What is the tens digit of 45864?
6
What is the tens digit of 1984?
8
What is the hundreds digit of 6022?
0
What is the tens digit of 1439?
3
What is the units digit of 4404?
4
What is the units digit of 2658?
8
What is the ten thousands digit of 11063?
1
What is the thousands digit of 78640?
8
What is the hundreds digit of 9149?
1
What is the thousands digit of 3394?
3
What is the units digit of 12542?
2
What is the tens digit of 884?
8
What is the hundreds digit of 360?
3
What is the thousands digit of 8855?
8
What is the units digit of 11098?
8
What is the thousands digit of 21598?
1
What is the hundreds digit of 1537?
5
What is the tens digit of 7899?
9
What is the hundreds digit of 476?
4
What is the tens digit of 47?
4
What is the hundreds digit of 3307?
3
What is the hundreds digit of 43063?
0
What is the ten thousands digit of 102042?
0
What is the units digit of 66178?
8
What is the tens digit of 2212?
1
What is the thousands digit of 18719?
8
What is the hundreds digit of 4922?
9
What is the hundreds digit of 719?
7
What is the hundreds digit of 4207?
2
What is the hundreds digit of 1128?
1
What is the tens digit of 4161?
6
What is the thousands digit of 4863?
4
What is the thousands digit of 1705?
1
What is the thousands digit of 8524?
8
What is the units digit of 1401?
1
What is the thousands digit of 68009?
8
What is the units digit of 574?
4
What is the hundreds digit of 3078?
0
What is the ten thousands digit of 134432?
3
What is the tens digit of 878?
7
What is the hundreds digit of 11689?
6
What is the thousands digit of 35908?
5
What is the units digit of 5193?
3
What is the tens digit of 681?
8
What is the units digit of 7743?
3
What is the units digit of 7860?
0
What is the units digit of 67?
7
What is the thousands digit of 101030?
1
What is the units digit of 258?
8
What is the hundreds digit of 941?
9
What is the thousands digit of 53695?
3
What is the thousands digit of 27554?
7
What is the tens digit of 78888?
8
What is the ten thousands digit of 24045?
2
What is the tens digit of 5997?
9
What is the units digit of 463?
3
What is the hundreds digit of 654?
6
What is the ten thousands digit of 104361?
0
What is the tens digit of 24713?
1
What is the thousands digit of 73741?
3
What is the units digit of 745?
5
What is the ten thousands digit of 50093?
5
What is the units digit of 536?
6
What is the units digit of 972?
2
What is the ten thousands digit of 14131?
1
What is the hundreds digit of 890?
8
What is the units digit of 22689?
9
What is the hundreds digit of 2770?
7
What is the hundreds digit of 1646?
6
What is the thousands digit of 2082?
2
What is the units digit of 1983?
3
What is the thousands digit of 39785?
9
What is the hundreds digit of 1454?
4
What is the units digit of 16256?
6
What is the thousands digit of 3362?
3
What is the thousands digit of 14881?
4
What is the tens digit of 12953?
5
What is the hundreds digit of 3485?
4
What is the ten thousands digit of 21318?
2
What is the tens digit of 484?
8
What is the ten thousands digit of 31696?
3
What is the tens digit of 3940?
4
What is the tens digit of 13968?
6
What is the thousands digit of 29549?
9
What is the hundreds digit of 16673?
6
What is the units digit of 1828?
8
What is the thousands digit of 12193?
2
What is the tens digit of 8214?
1
What is the hundreds digit of 24108?
1
What is the thousands digit of 120083?
0
What is the tens digit of 4301?
0
What is the hundreds digit of 101?
1
What is the tens digit of 7383?
8
What is the units digit of 3557?
7
What is the hundreds digit of 16946?
9
What is the hundreds digit of 3434?
4
What is the hundreds digit of 8